{"version":"1.0","provider_name":"O maior rapto de checoslovacos - Angola 1983","provider_url":"https:\/\/www.unesenivangole.socializmus.sk\/pt","title":"Historicky najv\u00e4\u010d\u0161\u00ed \u00fanos ob\u010danov \u010ceskoslovenska - Angola 1983 | Socializmus.sk","type":"rich","width":600,"height":338,"html":"<blockquote class=\"wp-embedded-content\" data-secret=\"9EZ2u8xFpp\"><a href=\"https:\/\/www.unesenivangole.socializmus.sk\/pt\/\">\u00davod<\/a><\/blockquote><iframe sandbox=\"allow-scripts\" security=\"restricted\" src=\"https:\/\/www.unesenivangole.socializmus.sk\/pt\/embed\/#?secret=9EZ2u8xFpp\" width=\"600\" height=\"338\" title=\"&#8220;\u00davod&#8221; &#8212; Najv\u00e4\u010d\u0161\u00ed \u00fanos \u010cechoslov\u00e1kov \u2013 Angola 1983\" data-secret=\"9EZ2u8xFpp\" frameborder=\"0\" marginwidth=\"0\" marginheight=\"0\" scrolling=\"no\" class=\"wp-embedded-content\"><\/iframe><script>\n\/*! This file is auto-generated *\/\n!function(d,l){\"use strict\";l.querySelector&&d.addEventListener&&\"undefined\"!=typeof URL&&(d.wp=d.wp||{},d.wp.receiveEmbedMessage||(d.wp.receiveEmbedMessage=function(e){var t=e.data;if((t||t.secret||t.message||t.value)&&!\/[^a-zA-Z0-9]\/.test(t.secret)){for(var s,r,n,a=l.querySelectorAll('iframe[data-secret=\"'+t.secret+'\"]'),o=l.querySelectorAll('blockquote[data-secret=\"'+t.secret+'\"]'),c=new RegExp(\"^https?:$\",\"i\"),i=0;i<o.length;i++)o[i].style.display=\"none\";for(i=0;i<a.length;i++)s=a[i],e.source===s.contentWindow&&(s.removeAttribute(\"style\"),\"height\"===t.message?(1e3<(r=parseInt(t.value,10))?r=1e3:~~r<200&&(r=200),s.height=r):\"link\"===t.message&&(r=new URL(s.getAttribute(\"src\")),n=new URL(t.value),c.test(n.protocol))&&n.host===r.host&&l.activeElement===s&&(d.top.location.href=t.value))}},d.addEventListener(\"message\",d.wp.receiveEmbedMessage,!1),l.addEventListener(\"DOMContentLoaded\",function(){for(var e,t,s=l.querySelectorAll(\"iframe.wp-embedded-content\"),r=0;r<s.length;r++)(t=(e=s[r]).getAttribute(\"data-secret\"))||(t=Math.random().toString(36).substring(2,12),e.src+=\"#?secret=\"+t,e.setAttribute(\"data-secret\",t)),e.contentWindow.postMessage({message:\"ready\",secret:t},\"*\")},!1)))}(window,document);\n\/\/# sourceURL=https:\/\/www.unesenivangole.socializmus.sk\/wp-includes\/js\/wp-embed.min.js\n<\/script>","description":"Unesen\u00ed v AngoleHistoricky najv\u00e4\u010d\u0161\u00ed \u00fanos ob\u010danov \u010ceskoslovenska \u2013 Angola 1983 T\u00e1to webov\u00e1 str\u00e1nka je neziskov\u00fdm a nekomer\u010dn\u00fdm projektom M\u00fazea totality vyhotoven\u00fdm v z\u00e1ujme zachovania maxim\u00e1lneho mno\u017estva inform\u00e1ci\u00ed o doteraz najv\u00e4\u010d\u0161om \u00fanose \u010deskoslovensk\u00fdch (\u010desk\u00fdch a slovensk\u00fdch) ob\u010danov v zahrani\u010d\u00ed. Na str\u00e1nke s\u00fa pou\u017eit\u00e9 najm\u00e4 materi\u00e1ly poskytnut\u00e9 priamym \u00fa\u010dastn\u00edkom \u00fanosu Lubom\u00edrom Saze\u010dkom. Za materi\u00e1ly \u010fakujeme ich autorom [&hellip;]","thumbnail_url":"https:\/\/www.unesenivangole.socializmus.sk\/wp-content\/uploads\/2023\/08\/Uneseni-v-Angole-Socializmus.sk-Muzeum-totality-Pochod-zajatych-po-Angole-mapa.jpg","thumbnail_width":885,"thumbnail_height":929}

Historicky najväčší únos občanov Československa - Angola 1983 | Socializmus.sk

<blockquote class="wp-embedded-content" data-secret="9EZ2u8xFpp"><a href="https://www.unesenivangole.socializmus.sk/pt/">Úvod</a></blockquote><iframe sandbox="allow-scripts" security="restricted" src="https://www.unesenivangole.socializmus.sk/pt/embed/#?secret=9EZ2u8xFpp" width="600" height="338" title="&#8220;Úvod&#8221; &#8212; Najväčší únos Čechoslovákov – Angola 1983" data-secret="9EZ2u8xFpp" frameborder="0" marginwidth="0" marginheight="0" scrolling="no" class="wp-embedded-content"></iframe><script>
/*! This file is auto-generated */
!function(d,l){"use strict";l.querySelector&&d.addEventListener&&"undefined"!=typeof URL&&(d.wp=d.wp||{},d.wp.receiveEmbedMessage||(d.wp.receiveEmbedMessage=function(e){var t=e.data;if((t||t.secret||t.message||t.value)&&!/[^a-zA-Z0-9]/.test(t.secret)){for(var s,r,n,a=l.querySelectorAll('iframe[data-secret="'+t.secret+'"]'),o=l.querySelectorAll('blockquote[data-secret="'+t.secret+'"]'),c=new RegExp("^https?:$","i"),i=0;i<o.length;i++)o[i].style.display="none";for(i=0;i<a.length;i++)s=a[i],e.source===s.contentWindow&&(s.removeAttribute("style"),"height"===t.message?(1e3<(r=parseInt(t.value,10))?r=1e3:~~r<200&&(r=200),s.height=r):"link"===t.message&&(r=new URL(s.getAttribute("src")),n=new URL(t.value),c.test(n.protocol))&&n.host===r.host&&l.activeElement===s&&(d.top.location.href=t.value))}},d.addEventListener("message",d.wp.receiveEmbedMessage,!1),l.addEventListener("DOMContentLoaded",function(){for(var e,t,s=l.querySelectorAll("iframe.wp-embedded-content"),r=0;r<s.length;r++)(t=(e=s[r]).getAttribute("data-secret"))||(t=Math.random().toString(36).substring(2,12),e.src+="#?secret="+t,e.setAttribute("data-secret",t)),e.contentWindow.postMessage({message:"ready",secret:t},"*")},!1)))}(window,document);
//# sourceURL=https://www.unesenivangole.socializmus.sk/wp-includes/js/wp-embed.min.js
</script>

Unesení v AngoleHistoricky najväčší únos občanov Československa – Angola 1983 Táto webová stránka je neziskovým a nekomerčným projektom Múzea totality vyhotoveným v záujme zachovania maximálneho množstva informácií o doteraz najväčšom únose československých (českých a slovenských) občanov v zahraničí. Na stránke sú použité najmä materiály poskytnuté priamym účastníkom únosu Lubomírom Sazečkom. Za materiály ďakujeme ich autorom [&hellip;]
